
What is the value of (-4 - -2) + 5 - (6 + -2)?
-1
What is the value of (1 - 2) + -12 + 14?
1
-2 + 13 + (2 - 9)
4
Calculate -4 + 1 + -16 + (20 - 6).
-5
What is 16 - (13 + 5) - (0 + -5)?
3
What is -471 - -474 - (0 + -1 - -8)?
-4
What is the value of -5 - -4 - (7 - (-1 + -1))?
-10
What is the value of 4 + (3 - (3 + 1))?
3
2 + 11 - (100 - 87)
0
21 - 16 - (7 - (0 - 1))
-3
What is the value of -5 + 6 + 1 + -8?
-6
What is 5 - ((6 - 5) + -1)?
5
Calculate -2 + 2 + 1 + 1 - 8.
-6
What is the value of 2 + 2 + 0 + -2?
2
What is -1 - 0 - (-33 + 35)?
-3
What is the value of -4 - -20 - 0 - 9?
7
3 + -2 + (-6 - -8 - 6)
-3
-36 + 34 - (-3 + -6)
7
What is 2 - ((2 - 2) + -2)?
4
0 + 8 + (-60 - -45) + -2
-9
7 - 5 - (-3 - -6)
-1
Calculate (-6 - -6) + -3 - -1.
-2
Calculate 4 + (4 - (3 + 0 + 0)).
5
Evaluate -2 - ((-6 + -1 - -3) + -2).
4
What is (-1 - (3 + -10)) + -4?
2
7 - (-1 + -6 + 9)
5
What is the value of (-3 - 5 - -9) + 4 + -12?
-7
What is 1 + (-6 + -1 - (-2 + 0))?
-4
Calculate 18 + -12 + 2 + -3 + -10.
-5
Calculate 1 + (9 - 5) + 1.
6
Calculate 4 - 0 - (-14 + 3 - -9).
6
Calculate -1 + (-1 - -5 - 2).
1
Evaluate 5 - (-2 - (5 + -13)).
-1
5 - (-5 - -2 - -7)
1
Calculate -18 + 9 + 6 - 3.
-6
Evaluate 3 - 1 - 7 - (-7 + 9).
-7
What is the value of 4 + 2 + -4 + (-2 - 2)?
-2
Calculate -3 + 9 + 1 + -3.
4
What is the value of 8 + (-8 - (-4 + 4))?
0
What is (1 + -10 - (-6 + 2)) + 2?
-3
What is the value of -22 + (9 - -3) + 8?
-2
Evaluate 3 + -4 - -1 - (6 - 11).
5
Evaluate (-6 - (0 + -1)) + 4 + -1.
-2
Evaluate -3 + (-6 - (-2 - 8)).
1
1 + 2 + (7 + -6 - 4)
0
Calculate -4 + (2 - 4) - -6.
0
Evaluate 1 - 1 - -3 - 0 - 0.
3
Calculate 3 + (-4 - -4) + (-3 - 0).
0
Evaluate -8 + (-5 - -12) + 5.
4
Calculate 4 + (-3 - 2) - (4 - 2).
-3
Calculate -29 - -28 - (-11 - (-2 - 1)).
7
(-7 - -9) + (3 + -2 - 0)
3
Evaluate -1 + 4 + (5 - 8).
0
What is the value of 5 + 4 + -7 + 0 + -5?
-3
What is the value of (9 - (12 - 6) - 6) + 5?
2
-1 - -1 - (28 + -32)
4
Calculate 3 + -9 + 1 - (2 - 6).
-1
Calculate (1 - (-9 - 0)) + -9.
1
What is 13 + (-4 + 8 + 4 - 13)?
8
(0 - 6) + 12 + -6 + 2
2
What is 8 + (3 - 8) + (-4 - 0)?
-1
11 - 0 - (-23 - -29)
5
2 + -1 + -4 - -7
4
What is -8 - (0 + 3 + -11)?
0
What is the value of 4 + -2 + -5 + 0?
-3
Calculate (-1 - -10) + (-22 - -18).
5
Evaluate (10 - 0) + 1 + -18.
-7
3 + -2 + -4 + -1 + 2
-2
8 + (-4 + 6 - 5) + -3
2
Evaluate (-5 - -5) + -5 + 2.
-3
Calculate (-3 - -3) + 0 + -2.
-2
Evaluate 19 + (13 - 27) + (1 - -4).
10
Evaluate -11 - -14 - (-4 - -2).
5
10 - (1 + -11 + 18)
2
(3 - 2) + -1 + 3 + -5
-2
Evaluate 3 + -2 - -6 - (-1 + 4).
4
Evaluate 28 + -25 - (-1 - -5).
-1
Calculate 3 - ((-1 - -6) + (13 - 17)).
2
Evaluate -11 + 9 + 2 + 2 + 1.
3
What is (13 - 5) + -4 - 8?
-4
Evaluate 3 - (-5 + 2) - 5.
1
Calculate (-3 - -1 - (28 - 26)) + 2.
-2
-5 + (-1 - 2) - -8
0
Evaluate -13 + (4 - -7) - -2.
0
What is (2 - 1) + 9 + (13 - 21)?
2
What is the value of 1 + 1 + 121 + -130?
-7
What is the value of 0 + (4 - (5 + -7))?
6
What is the value of (5 - 7) + 5 - 3?
0
Calculate (1 - -1) + 0 + -3 + -1.
-2
Calculate (6 - -1 - 5) + -4.
-2
Evaluate -2 + 2 - (0 + -1).
1
-1 - -4 - (-11 - 0 - -7)
7
What is the value of -8 + 2 + 3 + 0?
-3
Calculate 29 + -33 + 0 + 2.
-2
What is 14 + -1 + (-11 - -1)?
3
What is -13 + (-1 - -13) + 6?
5
Calculate -7 - 1 - (0 - 5).
-3
Evaluate 2 + (-2 - -2 - 4 - -2).
0
What is -15 + 9 - (0 + -1)?
-5
-5 + (0 - (1 + -3 + 2))
-5
What is the value of (2 - 0) + 0 - 6?
-4
3 - (4 + -3 - 2) - 7
-3
Calculate -9 + (14 - 5 - 4).
-4
What is the value of 1 - 8 - (-1 + (-4 - -2))?
-4
Evaluate -5 - (-1 - (-2 - -2) - 0).
-4
-1 + 6 - (-5 - -5)
5
19 + -19 + (3 - 2) + -7
-6
What is 1 + 2 + -8 + 9?
4
Calculate 0 + 0 + -4 + 3.
-1
(4 + -2 - 7) + 6
1
Calculate -9 - (-9 + (4 - 10)).
6
Evaluate (-28 - -26) + -3 + -5.
-10
What is 3 + -5 + 2 + -4 + 6?
2
What is -2 + 0 - (8 + (-6 - 14))?
10
Evaluate 2 + -1 + -3 - 0.
-2
Calculate 0 - (-1 - (-4 + 1)).
-2
Evaluate 34 + -39 + (1 - 1).
-5
What is 3 + -3 + -4 + 9?
5
(-2 - -3 - -2) + -1
2
Evaluate (3 + 0 - (3 + -2)) + 1.
3
What is 1 - (1 + 3) - (4 - 8)?
1
Evaluate 11 - (3 - -18 - 12).
2
-1 + -1 + 2 + -3
-3
Evaluate (-3 + -1 - -3) + -1 + 0.
-2
What is the value of -10 + (4 - (-2 + (-1 - -1)))?
-4
Evaluate -1 + 6 + 0 - 1.
4
What is -4 + -3 + 2 - -4?
-1
What is the value of -3 + -6 + -13 - -13?
-9
What is -6 + (-7 - (10 + -19))?
-4
What is the value of -2 - (5 - (10 - 0))?
3
What is (0 - 2 - 1) + 6 + 0?
3
What is the value of (4 - 1) + (-5 + -3 - -5)?
0
Evaluate -2 + 8 + -5 + -3 + 11.
9
Calculate -2 - ((2 - 3) + 1 - 3).
1
What is the value of (-7 + 6 - -1) + 0 + -4?
-4
-4 - -5 - 0 - -7
8
What is (-1 - -3) + -1 + -2?
-1
(3 + -5 - -3) + (34 - 39)
-4
-3 - 4 - (-6 - 0 - 0)
-1
Evaluate (-12 - -15) + -2 + -1 - -2.
2
Evaluate (0 + (-1 - -3) - 4) + -2.
-4
What is 0 + (-5 + 2 - -1) + 2?
0
What is (-4 - (-9 - -1)) + -7?
-3
What is the value of (2 - 6) + 5 + -4?
-3
What is -1 - -4 - 13 - -5?
-5
What is the value of 4 - (2 + (-4 - -6))?
0
Calculate -1 + -2 - (-27 + 16).
8
88 - 74 - (-1 - -7)
8
Evaluate (0 - 3 - -9) + -10 - -6.
2
3 + (-7 + 3 - -5) - -1
5
7 - (2 - -2) - (1 + 2)
0
What is the value of 27 + -27 + 4 + -2?
2
Evaluate 1 - (0 + -1 - (-22 - -18)).
-2
Calculate -2 + (8 - 10) + -1.
-5
Evaluate (25 - 19) + (-3 - -1) - -1.
5
What is (1 - (-2 - 2)) + -2?
3
Evaluate -8 + 0 - (57 + -59).
-6
-5 - (2 + (-7 - -3))
-3
Evaluate (0 - 0) + (-21 - -22).
1
8 - (6 + -12 - -1) - 6
7
-1 - (-2 + 6 + -11) - 3
3
5 + -1 + -5 + 2 + -5
-4
Calculate (1 - 4) + (-5 - -2) + 4.
-2
1 + 3 + -4 + (2 - 5)
-3
Calculate -9 - -3 - (-1 + -3).
-2
Calculate -2 + (0 - (-7 - 2)).
7
Calculate 27 - 15 - ((0 - -1) + 6).
5
Evaluate 6 + (-8 - (-7 - -4)) + 4.
5
What is (4 - (-5 + 4)) + -8?
-3
Evaluate 1 - (4 + -1 + (1 - 2)).
-1
What is (-1 - -3 - (2 - 1)) + -1?
0
Calculate (-8 - -6 - 2) + 0 + 8.
4
What is the value of 2 + (3 + -2 - 1) + -4?
-2
What is 2 - -1 - (1 - -5)?
-3
Calculate (0 - 1) + (5 - -1).
5
What is -2 - 4 - ((1 - 6) + 2)?
-3
0 + 0 - (-6 + 6 + -2)
2
Calculate -4 + (-6 - -7 - (0 - 1)).
-2
Evaluate -4 - (-2 + 2 + -6 + 8).
-6
What is 0 - (5 + 0 + -4)?
-1
What is ((2 - 7) + 6 - -9) + -5?
5
Evaluate -10 - -2 - (-6 - (1 + -5)).
-6
What is the value of (13 - 13) + 9 - (0 + 4)?
5
Calculate 8 + (-6 - (-6 - (0 + -7))).
1
Calculate -8 + 2 - (5 + -19) - 2.
6
(-1 - -1) + -4 - 0
-4
What is the value of -2 + 5 - ((7 - -1) + 0)?
-5
Evaluate -5 + (6 - (5 - 3)).
-1
(5 - 2 - (0 + 5)) + 3
1
4 - (2 - (2 - 0))
4
Evaluate -6 + 0 - (-11 + 7) - -5.
3
Evaluate -1 + 6 + (-7 - (5 + 0)).
-7
What is 1 + -3 + (-31 - -32)?
-1
6 - (2 + 0 + 4) - 2
-2
What is -1 - -16 - (-199 - -203)?
11
What is (-18 - -27) + 0 + -2?
7
(11 - 23) + (-12 - -22)
-2
Evaluate (-2 - (9 - 10)) + -6.
-7
What is the value of (13 - (-5 - -11)) + (-2 - 2)?
3
2 + -1 - (11 - 8)
-2
-5 - (3 - -6 - 13)
-1
Calculate 2 - 2 - 1 - (0 - -1).
-2
Evaluate 3 - 1 - (-216 + 211).
7
What is (1 - 2) + (-19 - -27)?
7
Calculate (2 - 6) + (13 - 1).
8
Calculate 0 + -5 + 3 - (-1 - 0).
-1
-5 + 1 + 0 + 1 + -7
-10
2 + 1 + (4 - (7 + -4))
4
Evaluate 2 + 0 - ((4 - 4) + 5).
-3
5 - (1 + (-8 - -16))
-4
0 + 2 - (1 + 3)
-2
-8 - (0 - 4) - -7
3
What is the value of 0 - (-3 + 0) - (6 + -1)?
-2
What is -4 - (12 + (-11 - (6 - 9)))?
-8
What is the value of 5 + -1 + -2 - -1?
3
Evaluate -6 - (-14 - (-9 - -6)).
5
(-7 - -4) + (-1 - (1 + 0))
-5
-10 - (-18 + 6 + 5)
-3
Calculate 1 + -3 + (20 - 20).
-2
Evaluate 4 + (1 - (1 - (-2 - -1))).
3
What is 25 + -14 + (-11 - -3)?
3
8 - 3 - (4 - -6 - 1)
-4
-2 - 2 - (7 + -1 - 10)
0
-13 + (1 - 0 - (-3 - 1))
-8
Calculate 3 + 1 + (-1 - (-4 + 4)).
3
What is the value of 2 + -9 - (2 + -3) - -2?
-4
(0 + 1 - (-12 - -16)) + 9
6
Calculate 10 - (5 + -2) - (-6 - -7).
6
Calculate 11 - 0 - (14 + -11).
8
(3 - (2 + 1)) + -5
-5
What is 17 - 3 - (-22 - -28)?
8
(2 - (-3 - -3 - 1)) + 3
6
Evaluate (-1 - 14 - -25) + (1 - 5).
6
Calculate (3 - 1) + -43 + 40 - -5.
4
What is the value of 5 + (-4 - (-4 - 1 - -2))?
4
What is 12 - 6 - (4 - -4)?
-2
-14 + 14 + (8 - 13)
-5
Evaluate -9 - -2 - (-13 - -10).
-4
Calculate -8 + (5 - (7 - 5)).
-5
Calculate (14 - 12) + (3 - 0) + -3.
2
What is the value of -8 - -5 - -7 - 9?
-5
Calculate (8 - (4 - -9)) + (-1 - -10).
4
5 + (4 - -1 - 13) + 4
1
What is the value of 6 + -1 + (-9 - -6)?
2
What is -7 + (-8 - -4) + 1 + 2?
-8
0 + 4 - (13 - 13)
4
Calculate -1 + 0 + 1 + 2.
2